s digit of 485/2 - t/(-2)?
4
Let s(u) = -1607*u - 24 - 1607*u + 3052*u. What is the thousands digit of s(-8)?
1
Let h be (3 - (-9 + -144))/(2/6). Suppose f - h = -3*w - 2*f, 4*w + 2*f = 622. What is the hundreds digit of w?
1
Suppose -1282*b + 3047720 = -1178*b. What is the units digit of b?
5
Suppose 2*j - 5*c = 22243, -5*c + 4358 = -j + 15482. What is the units digit of j?
9
Let f(c) = 11*c - 1. Let r be f(1). Suppose -r*i - 274 = -3244. What is the units digit of i?
7
Let g be (-10)/35*-1 - (-306)/7. Suppose -5*r = 3*v - 121 + 16, -g = -3*r + 2*v. What is the tens digit of 89 + 0 - -3*12/r?
9
Suppose -45*r - 913*r + 20546850 = 182644. What is the tens digit of r?
5
Suppose 0 = -3*r - 82 + 1081. Suppose -9 + 4 = -j. Suppose j*n - r - 72 = 0. What is the tens digit of n?
8
Suppose 406*c + 2*b = 413*c - 135274, -2*c + b = -38648. What is the hundreds digit of c?
3
Let c = -414 - -181. Let b = c - -395. What is the tens digit of 2 + b + -2 + -5?
5
Suppose 61*n + 71*n - 1196712 = 0. What is the units digit of n?
6
Let u(q) = q**3 + 3*q**2 - 8*q + 1. Let n be u(-5). Let p be (78/n + 4)/((-3)/27). Suppose -13*t = -19*t + p. What is the units digit of t?
7
Let g(q) = 3*q + 19*q**2 - 7*q + 72*q**2 + q. Suppose 0 = -3*z - 7 - 5, 5*p + 7 = -3*z. What is the tens digit of g(p)?
8
Let s = 58624 - 29848. What is the thousands digit of s?
8
Suppose 0 = 17*c + 4*c - 32382. Let l = c + -1042. What is the tens digit of l?
0
Suppose 3*x = -6*x + 1494. What is the tens digit of (-13 - -10)/(x/(-82) + 2)?
2
Suppose 0 = 179*k - 180*k + 2664. What is the units digit of k?
4
Let v = -15253 - -21481. Suppose -16*h + v = -4*h. What is the units digit of h?
9
Suppose -5857 = -28*c - 43909. Let u = 2017 + c. What is the tens digit of u?
5
What is the thousands digit of 8 - ((-59592)/3)/4?
4
Let s = 99 - 20. Let q = 235 + s. Suppose -l - l + q = 0. What is the hundreds digit of l?
1
Let p(b) = -4*b - 20*b**2 + 5 - 22*b + 7 + b. Let s be p(-20). What is the tens digit of s/(-91) + 2/(-7)?
8
Let l(v) = v**3 - 4*v**2 + 12*v + 20. Let d be l(-7). Let j = d + 919. What is the tens digit of j?
1
Suppose -10*d + 591 = -9. Suppose 3*x = 8*x + d. What is the tens digit of (18 + x)/((-6)/(-16))?
1
Suppose 2*f = -2*n - 4, 7*f + 3 = 2*n + 2*f. Let x be -6 + 1/n + 4. Let a(j) = 7*j**2 + 2*j + 3. What is the units digit of a(x)?
0
Let c(u) = u**2 + 8*u + 15. Let a be c(-7). Suppose -4*i - 1 = 15, 4*b + a = -i. What is the tens digit of 204 + 0/2*b/2?
0
Suppose 57 = -7*q + 323. Let f = 2 + q. Let d = 109 - f. What is the tens digit of d?
6
Let r = -47 - -76. Let c = 176 + r. What is the units digit of c?
5
Suppose -18*v = -17364 - 53700. What is the thousands digit of v?
3
What is the units digit of 48/(-288) + (-3854398)/(-60) + 8/(-10)?
9
Let k = 17 - 13. Suppose k*r = t - 0*t - 99, -2*t + 73 = -3*r. What is the tens digit of -45*(-4 + (-80)/r)?
3
Suppose -5*d = -4*p - 31581, -25302 = 22*d - 26*d - 3*p. What is the tens digit of d?
2
Let c(j) = 2*j**2 - 2*j + 71. Let r be c(-7). Let i = r - -872. What is the hundreds digit of i?
0
Let p(j) = -215*j**3 - j. Let o be p(-1). Let x = o + 48. Let c = -166 + x. What is the tens digit of c?
9
What is the tens digit of 1154 - (9 + -10) - -1?
5
Suppose -3*v - v + 4*t + 72 = 0, 9 = 3*t. Suppose 2*i = -103 - v. Let l = i + 184. What is the tens digit of l?
2
Let l be 94/4 - (-2)/8*6. Let w be (20/(-25))/((-2)/l). Suppose 0 = 13*k - w*k - 354. What is the hundreds digit of k?
1
Let c(k) be the third derivative of -19*k**4/24 - 133*k**3/3 - k**2 - 6. What is the tens digit of c(-40)?
9
Suppose -5712 = -8*o - 8*o. Suppose -4*n = 3*u - 1663, -5*u = -2*n + 494 + o. What is the tens digit of n?
1
Let q(p) = 2*p**2 - 11*p + 8. Let z(c) = -2*c**2 + 11*c - 8. Let o = 5 + -1. Let a(x) = o*z(x) + 5*q(x). What is the units digit of a(7)?
9
Let m(w) = 30*w**2 - 217*w - 9478. What is the units digit of m(-40)?
2
Let h(d) = -490 + 0*d**2 + 3*d**2 + 6*d**2 + 501 - 11*d. Suppose 14*m - 12*m = 10. What is the units digit of h(m)?
1
Let o(g) = -2*g + 280. Let d be o(0). Suppose 64 + d = 2*s. Suppose v - 3*a = 63, 0 = -5*v - a + s + 111. What is the tens digit of v?
5
Let a be (-2)/(7 + (-76)/12). What is the units digit of (a + 61 - (-8)/4) + 5?
5
Let s be -2 + 36/9 - (-418)/1. Let u = s + -320. What is the units digit of u?
0
Let i(m) = 1707*m**3 + 2*m**2 - m - 2. Let z be -1*(9 + -10 - 0/(-2)). What is the hundreds digit of i(z)?
7
Let f(y) = 6*y**2 - 33*y + 11. Suppose -2*p + 5*j - 7 = 0, 3*j = p + 4*j - 14. What is the tens digit of f(p)?
0
Suppose 2*x = -2*s + 20, 0*s - 2*s + x = -5. Suppose 0 = -o - 5, 2*u = -s*o - 22 + 5. Suppose -l - u*l + 15 = 0. What is the units digit of l?
3
Suppose 4*h + 81 = 89. What is the units digit of (9/h)/((-120)/(-7760))?
1
Suppose 3*s + 10*t = 7*t + 1104, -5*s + 4*t = -1822. Let z = s - 31. What is the units digit of (z/(-15) + 5)/((-2)/6)?
2
What is the tens digit of (620/2)/(54/1485)?
2
Suppose 0 = -w + 3*r - 30, -32 = w - 5*r + 4*r. What is the thousands digit of (-6)/w - 60160/(-55)?
1
Let h(t) = -34*t - 2. Let k = -6 + -10. Let z = k + 13. What is the hundreds digit of h(z)?
1
Suppose 51*t = 93*t - 49*t + 102291. What is the ten thousands digit of t?
1
Let y(g) = 65*g - 71. Let r = 189 - 181. What is the units digit of y(r)?
9
Let h(x) = -x**3 + 10*x**2 + 9*x + 4. Suppose -12*t - 33 = -15*t. Let k be h(t). Let p = k + 44. What is the tens digit of p?
2
Suppose -2*y + 0*y + 4 = 0, -2*y = -n + 9755. What is the tens digit of n?
5
Suppose -5*c + 6 = -11*c. What is the units digit of (-4686)/(-10) + 4*c/(-10)?
9
What is the hundreds digit of (43656/2)/((-44)/(-990)*15)?
7
Let v(m) = -3*m - 17. Let n be v(-7). Suppose -3*i + i = -n*l + 12, -3*l = 2*i - 2. Suppose l*f - 119 = 43. What is the tens digit of f?
8
Let x(m) = -m**3 - 7*m**2 - 8*m + 6. Let u be x(-5). What is the hundreds digit of -5 + (-860 - 4)/u?
2
Suppose 111751 = 34*r - 1081513. What is the units digit of r?
6
Let n be 10/4*(-17)/(680/(-74416)). Let d = n + -3005. What is the thousands digit of d?
1
Let i(m) = 5*m**2 - 128*m + 4891. What is the tens digit of i(138)?
4
Suppose 30*a - 9*a = -5019. Let s = a + 269. What is the tens digit of s?
3
Let h = -12171 - -14744. What is the thousands digit of h?
2
Suppose 5*r - 18206 = -3*b + 24821, 0 = 4*r + 16. What is the thousands digit of b?
4
Let r(h) = 33*h - 19. Let j be 15/(0/(-2) - -3). Suppose -3*c = 4*z + 1, 4*c = 3*z + j - 23. What is the units digit of r(z)?
7
Let r = -960 + 2386. Suppose 1574 = 2*o + r. What is the units digit of o?
4
Suppose 264845 = 965*r - 942*r. What is the tens digit of r?
1
What is the thousands digit of (2 + (-21 - -7))/((-3)/2896)?
1
Let y(l) = -l**2 + 64*l - 28. Let c be y(15). What is the tens digit of c/(-42)*-58 - 8/6?
7
Let v(g) = 91*g**2 + 8*g + 72. What is the units digit of v(-11)?
5
What is the tens digit of -1*(-23 + 18 + -28187)?
9
What is the units digit of ((-244)/(-10))/((-112)/(-20440))?
3
Let k = -16790 + 47844. What is the ten thousands digit of k?
3
Suppose -59*j = -54*j + 10, x = -4*j + 6676. What is the hundreds digit of x?
6
Let t(i) = -i**2 - 11*i - 10. Let v be (27/(-6))/(6/(-8)). Suppose v*l + 3 = -39. What is the tens digit of t(l)?
1
Let q = 11974 - -56161. What is the units digit of q?
5
Let g(k) = -22*k - 37. Let o be g(-2). Suppose o*t - 4455 = -1627. What is the units digit of t?
4
Let j(z) = -z**3 + 10*z**2 - 3*z + 18. Let f(x) = x**3 - 8*x**2 - 31*x - 16. Let t be f(11). What is the hundreds digit of j(t)?
1
Suppose 7*s = 5*z + 3*s - 540, -4*z - 2*s = -432. What is the tens digit of z/(-135) + (-4379)/(-5)?
7
Let b(l) = -l**2 - 3*l + 88. Let v be b(-11). What is the tens digit of (0 - (-259 - v)) + (-8)/4?
5
Suppose 2*i + 3*m = 55101, -102*m + 104*m + 110274 = 4*i. What is the hundreds digit of i?
5
Suppose j - 943 = -18*g + 22*g, -1850 = -2*j - 4*g. What is the tens digit of j?
3
Let q(h) = -3*h**3 - 161*h**2 - 187*h + 41. What is the units digit of q(-53)?
4
Suppose 4*s = 5*y + 2087, s - 2*s = -3. Let t = -296 - y. Suppose 4*x - 2*o - 394 = 0, -2*x - 4*o = -t - 103. What is the tens digit of x?
0
Suppose -23 = -5*j + 2. Suppose 2*s - j*h = 679, 2*h = 4 - 10. What is the tens digit of s?
3
Let j be 762*((-4)/(-6))/1. Let w = -397 + j. What is 